mine i(4).
-3
Suppose -2*v = 2*v. Suppose -3*a + 4*y = 10, 0 = 2*a + y - v*y - 8. Let b(j) = -2*j - 2. Give b(a).
-6
Let a(z) = -z - 5. Let c = -7 + 1. Let g(p) = -p + 8. Let t(o) = -o - 1. Let q(v) = g(v) - 3*t(v). Let d(w) = c*q(w) - 13*a(w). Determine d(0).
-1
Suppose -4*l - 5*u + 24 = -9, 2*u - 10 = 0. Let o(i) = 2*i + i + i**2 - 2 - 2*i - l. Suppose -3*h = -4*h. What is o(h)?
-4
Let s(m) = -13*m - 8. Let d(y) = -3*y - 2. Let w(p) = -9*d(p) + 2*s(p). Let h be (-56)/(-10) - (-8)/20. What is w(h)?
8
Let y = 4 + -2. Suppose -w + 3 - y = 0. Let t(r) = -7*r**3 + 2*r**2 - 5*r + 5. Let b(c) = 4*c**3 - c**2 + 3*c - 3. Let s(i) = -5*b(i) - 3*t(i). What is s(w)?
0
Let l(z) = -11*z**2 - 3*z + 3. Let n(b) be the first derivative of b**3/3 + b**2/2 - b - 1. Let s(u) = -l(u) - 4*n(u). What is s(1)?
7
Suppose 4*z = -3*b + 16, -2*b - b = 2*z - 8. Suppose b*p = -p + 4. Let n(q) = p*q - 11*q + 3*q + 6. Give n(4).
-10
Let m(r) = r**3 + 4*r**2 - 5. Suppose 12*u - 20 = 17*u. Determine m(u).
-5
Let q(r) = -r**2 - 18*r + 23. Let z be q(-19). Let g(p) = p - 1. What is g(z)?
3
Let k(b) = -b - 3. Let f(z) = -3*z - 5. Let u(n) = -3*f(n) + 5*k(n). Suppose 3*p - 2 = 2*q - 6, -2*q - 16 = 2*p. Let w = 3 + q. Calculate u(w).
-4
Let k(i) = 4 - 16 - 3*i + 10 + 6 - i**3 + 2*i**2. Determine k(3).
-14
Let m(s) = -s**3 - 4*s**2 - s + 5. Let c(v) = -3*v**3 - 11*v**2 - 3*v + 16. Let q(l) = 4*c(l) - 11*m(l). Suppose 0*g + 2*g = 0. Calculate q(g).
9
Let n(a) = 4*a - 1. Let b(i) = -i**3 - 5*i**2 + 7*i + 7. Let w be b(-6). Let m be n(w). Let l(g) = 2 - 3 + 8*g - m*g. Determine l(1).
4
Suppose -5*g = i - 17 - 17, -5*g + 2*i = -22. Let l(n) = -n**3 + 7*n**2 - 6*n + 8. Give l(g).
8
Let z(s) be the second derivative of s**4/12 - s**3/3 - 3*s**2/2 + 2*s. Let v = 0 - 2. Calculate z(v).
5
Let l(h) = -h**2 - 11*h - 15. Suppose -11*j = -7*j + 40. Determine l(j).
-5
Let z(g) = -2*g - 4. Let h be z(-3). Let v(y) = -3*y - 3. Let p(x) = 17*x + 16. Let w(i) = 2*p(i) + 11*v(i). What is w(h)?
1
Let n = -1 - -1. Let m(i) = n + i + 4 + 6. What is m(-5)?
5
Let w(g) = -3*g - g**3 + 5*g - 32*g**2 + 27*g**2 + 3. What is w(-5)?
-7
Let u = -9 - -10. Let p(d) = -3*d**2 - 1. Let n(m) = 7*m**2 + 2. Let r(z) = -3*n(z) - 5*p(z). Give r(u).
-7
Let m(p) be the first derivative of -p**5/60 + p**4/8 + p**3/3 + p**2 - 2. Let f(z) be the second derivative of m(z). Give f(4).
-2
Let k(a) = -a - 7. Let z(b) = b**2 + 7*b + 5. Let r be z(-7). Suppose 6 + 9 = r*c. Suppose 7*w = c*w. Give k(w).
-7
Let s be 1/2*(12 - 2). Let h(c) = -5*c - 3*c**3 + c**3 - 7 + c**3 + 6*c**2. What is h(s)?
-7
Let r(y) = 2*y. Let t(v) = -5*v - 5. Let o be t(-7). Let f = -24 + o. Give r(f).
12
Let a(b) be the first derivative of -5/2*b**2 + 2 + 0*b. What is a(1)?
-5
Suppose 3*p + 2*p = 10. Let s(w) = -w - 2. Let z be s(-7). Let y(a) = 0*a - a**p + z*a - 2 - 2. Calculate y(4).
0
Let x(s) = -3*s**2 - 8 - 3*s**2 + s + 4*s + 5*s**2. What is x(6)?
-14
Let x(z) = 2*z**3 + 7*z**2 + 2*z - 1. Let j(v) = -v**3 - 4*v**2 - v. Let d(a) = 5*j(a) + 3*x(a). Let p be d(0). Let w(u) = -u**2 - 4*u - 2. What is w(p)?
1
Let u(x) = 6*x**2 - x**2 - 2*x**2 + 3 + 5*x - 2*x**2. Determine u(-4).
-1
Let j(m) be the first derivative of m**7/840 - m**6/120 - m**5/120 - m**4/24 - 4*m**3/3 + 1. Let k(z) be the third derivative of j(z). Calculate k(3).
-4
Let z(j) = 2*j + 6. Let l be z(-5). Let d = 0 - l. Suppose x - 1 = -d. Let q(b) = b**2 + b - 3. Determine q(x).
3
Suppose -2 = -6*f + 5*f. Let m = -3 - -5. Let z(y) = y**m + 4 - 3 - 3*y - f. What is z(5)?
9
Let v(g) = -4 + g + 1 + 0*g + 4. What is v(1)?
2
Let t = -9 + 6. Suppose 3*l + 2*l = -30. Let h(d) = 2*d + 3. Let i(b) = -b - 1. Let c(w) = l*h(w) - 11*i(w). Give c(t).
-4
Let p be 2 + 1 + -8 + -3 + -1. Let r(k) = k**2 + 11*k + 11. What is r(p)?
-7
Let k = -7 - -2. Let p = -2 - k. Let t(h) = -h + 1. What is t(p)?
-2
Let d(k) = -k**3 + 4*k**2 - 5*k - 5. Let i(o) = -o**2 + o + 1. Let c(v) = d(v) + 5*i(v). What is c(0)?
0
Let n(g) = -8 + 5*g + g**3 - 2 + 0 + 8*g**2 + 4. Let z(y) be the second derivative of -y**4/12 - y**3/6 + y**2/2 + y. Let l(d) = n(d) + 6*z(d). What is l(1)?
2
Let j = -1 - 3. Let v(k) = k**2 + 2*k - 1. What is v(j)?
7
Let w(v) = 12*v - 8*v - 5*v + 6. Determine w(6).
0
Let z(q) = -12*q**2 - 5*q - 4. Let b(c) = 17*c + 12*c + 5 + 13*c**2 - 23*c. Let w(p) = 5*b(p) + 6*z(p). Determine w(1).
-6
Let x(o) = o**3 - 2*o**2 - 3*o - 1. Let y be (3/(-3) - 0) + 2. Suppose -y + 5 = -2*m. Determine x(m).
-11
Suppose -5*k - 20 - 5 = 0. Let a(c) = c**3 + 4*c**2 - 4*c - 4. What is a(k)?
-9
Suppose 5*c + 3*b - 37 = 0, 3*c = 2*b + 2*b + 28. Suppose q = w + 1 - 11, 0 = w - 2*q - 6. Let h = c - w. Let i(s) = -s**3 - 6*s**2 - 7. Determine i(h).
-7
Suppose 2*d + 14 = -0*d. Let f(j) be the third derivative of j**5/60 + 7*j**4/24 + j**3/3 - 2*j**2. Let p be f(d). Let k(a) = -2*a**2 + 3*a - 2. Calculate k(p).
-4
Let l(p) = -3 + 5*p**2 + 4*p**2 + 7 - 8*p**2 - p. Determine l(0).
4
Let x(y) = y**2 + 1. Suppose -m - 7 = 3*q, 2 - 12 = 4*q + 2*m. Let p be x(q). Let v(j) = -8*j + 3. Let l(s) = -s. Let n(i) = 14*l(i) - 2*v(i). Determine n(p).
4
Let b = 53 - 49. Let j(h) = h**2 - 2*h - 3. Determine j(b).
5
Let m(t) = -38 + 3*t + 22 + 13 + t**2. What is m(-5)?
7
Let g(i) = 7*i + 1. Let f be (0 + -5 + 2)/(-1). Suppose 0*c = -f*c + 3. What is g(c)?
8
Suppose 5*a - 8 = a. Let n(d) = -d**2 + d + a*d + 3 + 1 - 6*d. Give n(-3).
4
Let u(p) = p**3 + 6*p**2 + 3*p - 7. Let i be u(-5). Let l(v) = v**3 - 3*v**2 - 1. What is l(i)?
-1
Let m be 0/(-5 + 1 + 2). Let d(b) be the first derivative of b**5/120 - b**4/24 - b**3/3 - 3. Let k(g) be the third derivative of d(g). Determine k(m).
-1
Let o(p) be the third derivative of -p**4/3 + p**3/6 - 4*p**2. What is o(1)?
-7
Let u(g) = 3*g**3 + g**2 + 4*g - 2. Let l(w) = -7*w**3 - 2*w**2 - 7*w + 3. Let q(d) = 3*l(d) + 5*u(d). What is q(-1)?
5
Suppose -3*i - 6 = -q - 17, -2*q + 4*i = 14. Let w(a) = -7*a. Give w(q).
-7
Let t(u) = u**2 - 4*u**2 + 2*u**2 + 83 - 87 + 4*u. Determine t(5).
-9
Let o(x) = 10*x**3. Let d be (-3)/4 - 5/(-80)*-4. Calculate o(d).
-10
Let k(v) = -v**2 + 16*v - 14. Let u be k(15). Let y(m) = -4*m**3 - 11 + 11. Calculate y(u).
-4
Let q be -2*1*(-20)/8. Let t = q - 4. Let a(i) = 1 + i - t. Give a(-3).
-3
Let x(n) be the first derivative of n**4/4 + 8*n**3/3 + n**2/2 + n - 22. Give x(-8).
-7
Let g be 1/(((-3)/(-5))/(-3)). Let p = g - -11. Let h be 2/((p/3)/1). Let t(n) = -6*n - 1. What is t(h)?
-7
Let x = 5 - 9. Let w(k) be the second derivative of -1/6*k**3 + 0 - 1/20*k**5 + k - 1/3*k**4 + k**2. Give w(x).
6
Let s(x) = -2 + 6 - 11 + x**3 + 3*x + 6*x**2. Calculate s(-5).
3
Let w(n) = n**3 - 5*n**2 - 8*n + 4. Let t be ((-1)/(-3))/(11/66). Let v be (-2 - (-6)/2) + t. Let x = v + 3. Calculate w(x).
-8
Suppose -17 = -4*n + 3*b, 0 = -2*n + 4*n - 4*b - 6. Let r = n + -4. Let x(i) be the first derivative of 4*i**3/3 - 1. Calculate x(r).
4
Let i(n) = 3*n + 11. Let y(a) = -a - 4. Let g(x) = 2*i(x) + 7*y(x). Let z(o) = 2*o + 11. Let f(q) = 10*g(q) + 6*z(q). Calculate f(-4).
-2
Let l(s) be the second derivative of -s**4/12 - 2*s**3/3 + 2*s**2 - s - 29. Let x = 7 - 3. Suppose -2*p = x + 6. What is l(p)?
-1
Let r(g) be the second derivative of 1/3*g**3 + 1/12*g**4 - 4*g + 0*g**2 + 0. Let a(d) = 2*d + 3. Let h be a(-3). Calculate r(h).
3
Let q(s) be the first derivative of -1 - 5*s + s**2 + 1/3*s**3. Let d = -16 - -11. Give q(d).
10
Suppose 14*z + 6 = 34. Let w(c) = 2*c**3 - 2*c**2 + 1. Give w(z).
9
Suppose 0 = w - s, -w + 3*s + 1 = 11. Let v(m) = -m**3 + 4*m**2 + 3*m - 6. What is v(w)?
-16
Let h(m) be the first derivative of m**5/60 - m**4/6 + m**3/6 - m**2/2 + 5. Let o(l) be the second derivative of h(l). Calculate o(3).
-2
Suppose 0*r - 14 = 4*r - i, 0 = -5*i + 10. Let k(o) be the third derivative of 0*o**3 + 1/12*o**4 - o**2 + 0 + 0*o. Give k(r).
-6
Let s(n) be the second derivative of 0 - 5/2*n**2 + 1/12*n**4 + 1/6*n**3 + n. Let q be ((5 - 3) + -3)*(-4 - -4). Give s(q).
-5
Let u(d) = d**2 + 13. Suppose 7*n - 2*n = 0, x - 4*n = 0. Determine u(x).
13
Let i = 2 - 5. Let q(f) be the second derivative of 2*f**3/3 - f**2/2 + 303*f + 1. Calculate q(i).
-13
Let y(u) = 2*u - u**3 + u - 3 + 3*u**2 + u. Let n be y(4). Let c(j) = -8*j - 11. Let f(v) = 3*v + 4. Let h(g) = -4*c(g) - 11*f(g). Give h(n).
3
Let k(i) be the 